58. Calculate the remainder when p is divided by 26.
19
Suppose -4*a = 2*l - 2*a + 4, -5*l - 2 = a. Suppose l*i = i - 100. What is the remainder when 98 is divided by (4/8)/(2/i)?
23
Suppose 8 = 4*n - 6*n, 6*r - 96 = 3*n. Calculate the remainder when 468 is divided by r.
6
Let i(u) = -u**3 - 13*u**2 - u - 2. Suppose -z + 20 + 9 = 0. Calculate the remainder when z is divided by i(-13).
7
Let p = 189 - 98. Calculate the remainder when p is divided by 28.
7
Suppose 60*f = -170 + 530. Calculate the remainder when 423 is divided by f.
3
Let n = 13 + -20. Suppose 2*b - 7*b = -180. Let z = b + n. Calculate the remainder when z is divided by 10.
9
Suppose 0 = 2*a - 6*a + 404. Let b be 4/(-5)*(3 - -87). Let x = b + a. Calculate the remainder when x is divided by 10.
9
Let f = 53 - -25. Let r = f - 43. Calculate the remainder when 69 is divided by r.
34
Let v = -82 - -208. What is the remainder when v is divided by 77?
49
Let y = 1706 + -1612. Calculate the remainder when 217 is divided by y.
29
Let v(j) = j**2 + 6*j + 5. Calculate the remainder when v(-6) is divided by (-8*5*4/20)/((-8)/2).
1
Let f(i) = i**3 - 61*i**2 - 123*i - 166. What is the remainder when (-1 - 4)/(1/(-7)) is divided by f(63)?
12
Suppose -s + 62 = 4*u, 0 = -3*u + 4*s + 11 + 26. Suppose -4*g - 450 = g. What is the remainder when (-1)/2*(4 + g) is divided by u?
13
Let n = -131 - -141. Let j(q) = q**3 + 8*q**2 - 9*q - 12. Let h be j(-9). What is the remainder when n is divided by h/6 + 3*2?
2
Suppose -4*h - 7 = -5*h. Let y(u) = -2*u - 1. Let q = -1 - 2. What is the remainder when h is divided by y(q)?
2
Suppose 2*g + 114 = 2*q - 50, -5*q = -4*g - 412. Calculate the remainder when q is divided by (-173)/(-6) - ((-57)/18 - -3).
26
Suppose z - 4*o = 171, -3*z - 5*o = -7*z + 684. What is the remainder when z is divided by 164/(20/5) + 2?
42
Suppose 5*i + 1 = -4. Let o be (-4 - -3)/(i/(-4)). Calculate the remainder when 2 is divided by o/4*(-4 - -3).
0
Let c(f) = 9*f + 15. Let s be c(-6). Let d = -23 - s. Suppose -4*v + 2*v = -4*u + d, -v + 17 = 3*u. What is the remainder when 18 is divided by u?
3
Let b = 12 + 0. Suppose 16*k - 4*t - 1288 = 0, 32*k - 34*k + 146 = -3*t. Calculate the remainder when k is divided by b.
10
Suppose 94 = -p + 129. Calculate the remainder when 311 is divided by p.
31
Let o(j) be the first derivative of -j**4/4 + j**3 + j**2 - 3*j + 1. What is the remainder when o(3) is divided by (4/(-5))/((-8)/20)?
1
Let t = -520 + 524. Suppose -d + 17 = -15. Suppose t*l - 50 = 3*p, 4*l = 4*p + 16 + d. Calculate the remainder when 54 is divided by l.
12
What is the remainder when (-2 - (-2 + 2)) + 52 is divided by (-3640)/700*10/(-4)?
11
Let m(s) = s**3 - 4*s**2 + s + 114. Let q(j) = -j**3 - 3*j**2 - 16. Let r be q(-4). What is the remainder when m(r) is divided by 39?
36
Suppose 2*m + 0*s = -s + 23, 0 = -3*m - 5*s + 24. Let z(i) = i + 2 + 1 - i**2 - 12*i + i. What is the remainder when z(-7) is divided by m?
11
Let w = -1866 + 1914. Suppose -4*p = -0*p - 192. Let f = -31 + p. What is the remainder when w is divided by f?
14
Suppose -3*c = -8*z + 4*z + 191, -2*z = -5*c - 337. Let q = c - -101. What is the remainder when 94 is divided by q?
30
Calculate the remainder when (-1*8)/(-2) + -7 + 36 is divided by 14.
5
Suppose 28*f - 35*f = -49. Calculate the remainder when 40 is divided by f.
5
Let v be ((-2)/(-3))/(9/54). Calculate the remainder when 3 is divided by (-14)/(-4)*v/14.
0
Suppose 0 = -2*c + 3*x, -5*c - 5*x + 19 = 69. Let k = c - -4. Let d = 5 - k. Calculate the remainder when 12 is divided by d.
5
Suppose -5*t + 7*g - 3*g - 426 = 0, 4*t - g + 343 = 0. Let j = -47 - t. What is the remainder when j is divided by 14?
11
Let m(i) = -3*i - 8. Let c be m(-5). Suppose 0 = 12*o - c*o - 570. Calculate the remainder when o is divided by 29.
27
Let p(a) = a**3 + a**2 - 36*a + 8. Calculate the remainder when p(6) is divided by 42.
2
Suppose 0 = -c + 5*p + 122, 16*c - 19*c + 402 = 3*p. Calculate the remainder when c is divided by 18.
6
Let h be (-296)/(-40) - (-2)/(-5). Let a(f) = 24*f + 21. What is the remainder when a(h) is divided by 48?
45
Let p = -254 - -267. Calculate the remainder when 16 is divided by p.
3
Suppose -20*r - 205 = -945. Calculate the remainder when 41 is divided by r.
4
Let t(s) = 13*s**2 + 1. Let y be t(2). Suppose -y = 4*z - 233. Let u(d) = 2*d**2 - d + 24. What is the remainder when z is divided by u(0)?
21
Let h(u) = u**3 - 5*u**2 + 2. Let k be h(11). Suppose 5*n - 1993 = -k. Let p = -118 + n. What is the remainder when p is divided by 34?
33
Suppose 2489*p + 28 = 2491*p. Calculate the remainder when 105 is divided by p.
7
What is the remainder when (-13)/78 + (-3 - 145/(-6)) is divided by 19?
2
Suppose -3*l + w = -2*w - 192, -5*l + 4*w = -325. Suppose 4*d - l = d. What is the remainder when 64 is divided by d?
18
Let o = 39 + -74. Let p = o + 121. Calculate the remainder when p is divided by 0/(-1) - (-35 + 12/2).
28
Suppose -4*i = -x - 21, -5*i - 4*x - x + 20 = 0. Suppose -2*n = -7*n, 3*r - i*n = 33. Calculate the remainder when 64 is divided by r.
9
Let x(q) = 27*q - 265. Let j = 52 - 37. What is the remainder when x(13) is divided by j?
11
Let x(o) = -6*o**2 + 131*o - 98. Suppose -4*v - 3 = -79. What is the remainder when v is divided by x(21)?
5
Suppose -3*b + 130 = 2*b. Let l be -2 + 1 - ((-25)/(-5) + -15). What is the remainder when b is divided by l - (2/(-11) + 4/22)?
8
Suppose -s + 5*s - 100 = 0. Suppose 5*t + s = 6*t. What is the remainder when 98 is divided by t?
23
Suppose 4 + 20 = 2*t. Suppose 0 = -5*d + t - 2. What is the remainder when 2 is divided by d?
0
Suppose -z = -9*l + 4*l + 194, 5*z + 20 = 0. What is the remainder when 72 is divided by l?
34
Suppose 168 = 15*v - 9*v. Calculate the remainder when 83 is divided by v.
27
Suppose 3*s - 2*n - 54 = 63, 3*s - 4*n = 123. Let u = -42 + 55. Calculate the remainder when s is divided by u.
11
Suppose 880 = 8*y + 32*y. Calculate the remainder when 108 is divided by y.
20
Let h(k) be the first derivative of 29*k**2/2 - 4*k + 11. Calculate the remainder when 47 is divided by h(1).
22
Calculate the remainder when 415 is divided by (-10 + 9)*(4 + -109).
100
Let n(v) = -12*v + 664. Calculate the remainder when n(35) is divided by 81.
1
Suppose -1 = -5*u - 3*d, -3*u + 3 = -d + 2*d. Suppose -u*q + 30 - 10 = 0. What is the remainder when 29 is divided by q?
9
Suppose -27*q + 14*q + 78 = 0. Let z be (12/(-16))/(2/(-8)). Suppose 2*b + z*m = 22, 0 = -5*b - 4*m + 10 + 59. What is the remainder when b is divided by q?
5
Suppose -s = -3 + 1. Suppose 0 = -3*y - 4*w - 65, -4*y - 42 = -s*y + 3*w. Let u = y + 49. What is the remainder when u is divided by 6?
4
Suppose 2*a - 2*o = 8, -a + 36 = a + 5*o. Let s(q) = 82*q + 93. What is the remainder when s(-1) is divided by a?
3
Suppose 2*m + 291 = 99. Let j = m + 61. What is the remainder when (30/(-25))/(2/j) is divided by 8?
5
Let l(a) = 4*a + 25. Let m be l(17). Suppose 3*u - m = 114. What is the remainder when u is divided by 9?
6
Suppose 0 = -28*q + 8*q + 60. Calculate the remainder when 10 is divided by q.
1
Suppose -2*n + 2*f + 102 = 0, -68 - 44 = -2*n + 4*f. What is the remainder when 180 is divided by n?
42
Suppose 0 = -0*k - 4*k + 72. Suppose -80*f = -82*f + 192. Suppose -4*l - f + 236 = 0. Calculate the remainder when l is divided by k.
17
Suppose 2*r + 7*r - 522 = 0. What is the remainder when r is divided by 31?
27
Suppose 163 = 20*y - 757. Calculate the remainder when y is divided by 16.
14
Suppose -20 = -0*z - 4*z. Suppose z*c - 76 = 4. What is the remainder when c is divided by (0 + 1)*(11 - 2)?
7
Let h = -3 + 10. Suppose -38 = -4*p + u, -2*p - h = -2*u - 29. Suppose p = 3*o, -2*g - 2*g = -4*o - 60. Calculate the remainder when 71 is divided by g.
17
What is the remainder when (-188)/(-1)*((-210)/40 + 6) is divided by 44?
9
Let m = -865 - -915. Calculate the remainder when 197 is divided by m.
47
Let h(x) = 5*x**3 - 4*x**2 - 2*x + 14. What is the remainder when h(3) is divided by 25?
7
Suppose -63 = -3*o - 3*j, -6*j + 3*j = -12. Let q be (-4)/14 - (-4)/14. Suppose q*k = -k + 5. Calculate the remainder when o is divided by k.
2
Let r = -806 - -1252. What is the remainder when r is divided by 28?
26
Calculate the remainder when -2 - (-492)/2 - (-38 